{"id":18,"date":"2024-06-09T09:26:47","date_gmt":"2024-06-09T09:26:47","guid":{"rendered":"http:\/\/centralgsm.hu\/?page_id=18"},"modified":"2024-06-09T09:35:56","modified_gmt":"2024-06-09T09:35:56","slug":"fejlestes-alatt","status":"publish","type":"page","link":"https:\/\/centralgsm.hu\/","title":{"rendered":"Fejleszt\u00e9s alatt"},"content":{"rendered":"\t\t<div data-elementor-type=\"wp-page\" data-elementor-id=\"18\" class=\"elementor elementor-18\" data-elementor-post-type=\"page\">\n\t\t\t\t<div class=\"elementor-element elementor-element-e4ec8a6 e-flex e-con-boxed e-con e-parent\" data-id=\"e4ec8a6\" data-element_type=\"container\" data-e-type=\"container\">\n\t\t\t\t\t<div class=\"e-con-inner\">\n\t\t\t\t<div class=\"elementor-element elementor-element-c2a3ae2 elementor-widget elementor-widget-spacer\" data-id=\"c2a3ae2\" data-element_type=\"widget\" data-e-type=\"widget\" data-widget_type=\"spacer.default\">\n\t\t\t\t<div class=\"elementor-widget-container\">\n\t\t\t\t\t\t\t<div class=\"elementor-spacer\">\n\t\t\t<div class=\"elementor-spacer-inner\"><\/div>\n\t\t<\/div>\n\t\t\t\t\t\t<\/div>\n\t\t\t\t<\/div>\n\t\t\t\t\t<\/div>\n\t\t\t\t<\/div>\n\t\t<div class=\"elementor-element elementor-element-6f3ed26 e-con-full e-flex e-con e-parent\" data-id=\"6f3ed26\" data-element_type=\"container\" data-e-type=\"container\" data-settings=\"{&quot;background_background&quot;:&quot;classic&quot;}\">\n\t\t\t\t<\/div>\n\t\t<div class=\"elementor-element elementor-element-0617deb e-flex e-con-boxed e-con e-parent\" data-id=\"0617deb\" data-element_type=\"container\" data-e-type=\"container\">\n\t\t\t\t\t<div class=\"e-con-inner\">\n\t\t\t\t<div class=\"elementor-element elementor-element-f5ae79f elementor-widget elementor-widget-spacer\" data-id=\"f5ae79f\" data-element_type=\"widget\" data-e-type=\"widget\" data-widget_type=\"spacer.default\">\n\t\t\t\t<div class=\"elementor-widget-container\">\n\t\t\t\t\t\t\t<div class=\"elementor-spacer\">\n\t\t\t<div class=\"elementor-spacer-inner\"><\/div>\n\t\t<\/div>\n\t\t\t\t\t\t<\/div>\n\t\t\t\t<\/div>\n\t\t\t\t\t<\/div>\n\t\t\t\t<\/div>\n\t\t<div class=\"elementor-element elementor-element-6cab253 e-flex e-con-boxed e-con e-parent\" data-id=\"6cab253\" data-element_type=\"container\" data-e-type=\"container\">\n\t\t\t\t\t<div class=\"e-con-inner\">\n\t\t\t\t<div class=\"elementor-element elementor-element-9c0c4d1 elementor-widget elementor-widget-text-editor\" data-id=\"9c0c4d1\" data-element_type=\"widget\" data-e-type=\"widget\" data-widget_type=\"text-editor.default\">\n\t\t\t\t<div class=\"elementor-widget-container\">\n\t\t\t\t\t\t\t\t\t<p>Mobiltelefon, tablet \u00e9s laptop gyorsszerviz. Akkumul\u00e1tor \u00e9s kijelz\u0151 csere, t\u00f6lt\u00e9s jav\u00edt\u00e1s. Adatment\u00e9s, adatm\u00e1sol\u00e1s. \u00c1zott telefon adatment\u00e9se, jav\u00edt\u00e1sa. Akkufed\u00e9l csere.Mikrofon \u00e9s hangsz\u00f3r\u00f3 csere. V\u00e1s\u00e1rl\u00e1s el\u0151tti k\u00e9sz\u00fcl\u00e9kteszt. R\u00e9szletek hamarosan, 2024 \u0151sz\u00e9n!<\/p>\t\t\t\t\t\t\t\t<\/div>\n\t\t\t\t<\/div>\n\t\t\t\t\t<\/div>\n\t\t\t\t<\/div>\n\t\t\t\t<\/div>\n\t\t","protected":false},"excerpt":{"rendered":"<p>Mobiltelefon, tablet \u00e9s laptop gyorsszerviz. Akkumul\u00e1tor \u00e9s kijelz\u0151 csere, t\u00f6lt\u00e9s jav\u00edt\u00e1s. Adatment\u00e9s, adatm\u00e1sol\u00e1s. \u00c1zott telefon adatment\u00e9se, jav\u00edt\u00e1sa. Akkufed\u00e9l csere.Mikrofon \u00e9s hangsz\u00f3r\u00f3 csere. V\u00e1s\u00e1rl\u00e1s el\u0151tti k\u00e9sz\u00fcl\u00e9kteszt. R\u00e9szletek hamarosan, 2024 \u0151sz\u00e9n!<\/p>\n","protected":false},"author":1,"featured_media":0,"parent":0,"menu_order":0,"comment_status":"closed","ping_status":"closed","template":"elementor_canvas","meta":{"footnotes":""},"class_list":["post-18","page","type-page","status-publish","hentry"],"_links":{"self":[{"href":"https:\/\/centralgsm.hu\/index.php\/wp-json\/wp\/v2\/pages\/18","targetHints":{"allow":["GET"]}}],"collection":[{"href":"https:\/\/centralgsm.hu\/index.php\/wp-json\/wp\/v2\/pages"}],"about":[{"href":"https:\/\/centralgsm.hu\/index.php\/wp-json\/wp\/v2\/types\/page"}],"author":[{"embeddable":true,"href":"https:\/\/centralgsm.hu\/index.php\/wp-json\/wp\/v2\/users\/1"}],"replies":[{"embeddable":true,"href":"https:\/\/centralgsm.hu\/index.php\/wp-json\/wp\/v2\/comments?post=18"}],"version-history":[{"count":11,"href":"https:\/\/centralgsm.hu\/index.php\/wp-json\/wp\/v2\/pages\/18\/revisions"}],"predecessor-version":[{"id":31,"href":"https:\/\/centralgsm.hu\/index.php\/wp-json\/wp\/v2\/pages\/18\/revisions\/31"}],"wp:attachment":[{"href":"https:\/\/centralgsm.hu\/index.php\/wp-json\/wp\/v2\/media?parent=18"}],"curies":[{"name":"wp","href":"https:\/\/api.w.org\/{rel}","templated":true}]}}